ds digit of 596490031?
0
What is the billions digit of 3850597553?
3
What is the ten millions digit of 77098818?
7
What is the ten thousands digit of 492765986?
6
What is the ten millions digit of 738522770?
3
What is the ten thousands digit of 315253255?
5
What is the hundreds digit of 750648060?
0
What is the ten thousands digit of 964543588?
4
What is the hundred thousands digit of 69493122?
4
What is the units digit of 972886749?
9
What is the hundreds digit of 470003260?
2
What is the millions digit of 146530430?
6
What is the ten thousands digit of 132861985?
6
What is the units digit of 21726718?
8
What is the millions digit of 616910122?
6
What is the hundred millions digit of 349961647?
3
What is the ten thousands digit of 14054052?
5
What is the ten thousands digit of 269906234?
0
What is the ten millions digit of 30076482?
3
What is the hundreds digit of 408768585?
5
What is the millions digit of 71459574?
1
What is the units digit of 291312023?
3
What is the millions digit of 3297046503?
7
What is the hundreds digit of 69552976?
9
What is the millions digit of 154330608?
4
What is the tens digit of 83217962?
6
What is the hundred thousands digit of 312605365?
6
What is the millions digit of 33019345?
3
What is the ten thousands digit of 169400062?
0
What is the hundreds digit of 684751777?
7
What is the hundred thousands digit of 161354462?
3
What is the millions digit of 170466665?
0
What is the hundred thousands digit of 50080296?
0
What is the hundred millions digit of 1000508631?
0
What is the ten millions digit of 1283217872?
8
What is the thousands digit of 105399807?
9
What is the hundreds digit of 289800309?
3
What is the ten millions digit of 59015645?
5
What is the thousands digit of 35788349?
8
What is the hundred thousands digit of 148501036?
5
What is the tens digit of 85149848?
4
What is the tens digit of 68980392?
9
What is the millions digit of 65156211?
5
What is the ten thousands digit of 1323744541?
4
What is the ten millions digit of 642384486?
4
What is the hundred thousands digit of 133265090?
2
What is the ten millions digit of 48612714?
4
What is the ten millions digit of 674930256?
7
What is the hundreds digit of 827634?
6
What is the hundred millions digit of 1737614452?
7
What is the ten millions digit of 257575781?
5
What is the hundred millions digit of 829519355?
8
What is the ten millions digit of 1886462075?
8
What is the ten thousands digit of 7814203?
1
What is the hundred millions digit of 7467711240?
4
What is the hundreds digit of 88406324?
3
What is the thousands digit of 300099837?
9
What is the hundred millions digit of 585840062?
5
What is the hundred thousands digit of 789142871?
1
What is the hundred thousands digit of 27894787?
8
What is the hundred thousands digit of 85001034?
0
What is the ten millions digit of 24631714?
2
What is the ten millions digit of 5447080342?
4
What is the hundred thousands digit of 6731142?
7
What is the thousands digit of 915439552?
9
What is the hundred millions digit of 895266431?
8
What is the ten thousands digit of 74491898?
9
What is the millions digit of 20156763?
0
What is the hundred millions digit of 106082964?
1
What is the thousands digit of 95020776?
0
What is the tens digit of 76123483?
8
What is the hundreds digit of 136942055?
0
What is the units digit of 934799855?
5
What is the hundred thousands digit of 63391801?
3
What is the tens digit of 232660368?
6
What is the tens digit of 2962202138?
3
What is the thousands digit of 121006985?
6
What is the hundreds digit of 272861617?
6
What is the thousands digit of 323949095?
9
What is the units digit of 604631677?
7
What is the units digit of 3185158899?
9
What is the ten millions digit of 2056554154?
5
What is the hundred thousands digit of 1115925686?
9
What is the ten millions digit of 212948318?
1
What is the thousands digit of 42626887?
6
What is the tens digit of 3776214670?
7
What is the tens digit of 3466680340?
4
What is the billions digit of 1320329934?
1
What is the hundred thousands digit of 2413356119?
3
What is the millions digit of 5947217958?
7
What is the tens digit of 197174734?
3
What is the tens digit of 455341511?
1
What is the tens digit of 110306692?
9
What is the units digit of 100578762?
2
What is the billions digit of 4476233207?
4
What is the hundred millions digit of 1511661045?
5
What is the units digit of 62867925?
5
What is the thousands digit of 1366779?
6
What is the hundred millions digit of 127242600?
1
What is the millions digit of 277057238?
7
What is the ten millions digit of 1343880827?
4
What is the ten thousands digit of 468956317?
5
What is the ten thousands digit of 8597311330?
1
What is the thousands digit of 45003549?
3
What is the tens digit of 432617073?
7
What is the thousands digit of 1771580629?
0
What is the tens digit of 111585481?
8
What is the tens digit of 159772186?
8
What is the units digit of 9227406764?
4
What is the units digit of 50942933?
3
What is the hundreds digit of 772167670?
6
What is the hundreds digit of 34658368?
3
What is the thousands digit of 217750407?
0
What is the tens digit of 470423082?
8
What is the hundred millions digit of 3145551367?
1
What is the units digit of 338644234?
4
What is the hundreds digit of 1425749301?
3
What is the ten millions digit of 257483102?
5
What is the millions digit of 1927406353?
7
What is the ten thousands digit of 2632032?
3
What is the ten thousands digit of 127667674?
6
What is the millions digit of 166156970?
6
What is the hundreds digit of 2315521573?
5
What is the hundred thousands digit of 4281640?
2
What is the ten thousands digit of 2896801535?
0
What is the thousands digit of 133861025?
1
What is the millions digit of 30289025?
0
What is the hundreds digit of 7003354?
3
What is the ten millions digit of 600139868?
0
What is the thousands digit of 498224379?
4
What is the tens digit of 12496764?
6
What is the tens digit of 69727257?
5
What is the ten millions digit of 703654415?
0
What is the tens digit of 3341862233?
3
What is the tens digit of 1025118834?
3
What is the hundred millions digit of 230117871?
2
What is the units digit of 6170019748?
8
What is the thousands digit of 165039473?
9
What is the tens digit of 136730081?
8
What is the tens digit of 4912668909?
0
What is the tens digit of 86060091?
9
What is the millions digit of 188170335?
8
What is the ten thousands digit of 244943490?
4
What is the hundred thousands digit of 175519207?
5
What is the millions digit of 1291447632?
1
What is the units digit of 276620314?
4
What is the hundred thousands digit of 82137661?
1
What is the ten thousands digit of 197100772?
0
What is the units digit of 528000128?
8
What is the units digit of 166891697?
7
What is the thousands digit of 4969118681?
8
What is the ten thousands digit of 1312068301?
6
What is the ten thousands digit of 58286596?
8
What is the tens digit of 102480783?
8
What is the hundreds digit of 632499195?
1
What is the hundred thousands digit of 1879965135?
9
What is the ten thousands digit of 35337088?
3
What is the hundreds digit of 142547447?
4
What is the hundred thousands digit of 1226973582?
9
What is the ten thousands digit of 554976661?
7
What is the thousands digit of 175440610?
0
What is the hundred millions digit of 2939710255?
9
What is the hundred thousands digit of 22966358?
9
What is the units digit of 36250764?
4
What is the hundred millions digit of 6771583676?
7
What is the thousands digit of 2016740385?
0
What is the hundred thousands digit of 25909852?
9
What is the units digit of 32929231?
1
What is the ten thousands digit of 4693063142?
6
What is the tens digit of 4946395138?
3
What is the units digit of 395079380?
0
What is the thousands digit of 45336906?
6
What is the hundred millions digit of 6922486247?
9
What is the thousands digit of 559564634?
4
What is the tens digit of 5362365?
6
What is the units digit of 2115794928?
8
What is the ten thousands digit of 212568252?
6
What is the ten millions digit of 1003404942?
0
What is the ten millions digit of 322016164?
2
What is the hundreds digit of 113022197?
1
What is the tens digit of 1279230021?
2
What is the ten thousands digit of 12304451?
0
What is the thousands digit of 285704565